{"id":583,"date":"2013-01-09T21:37:50","date_gmt":"2013-01-09T20:37:50","guid":{"rendered":"http:\/\/ffw-hoehenkirchen.de\/?page_id=583"},"modified":"2013-01-09T21:37:50","modified_gmt":"2013-01-09T20:37:50","slug":"mannschaft","status":"publish","type":"page","link":"https:\/\/www.feuerwehr-hoehenkirchen.de\/index.php\/uber-uns\/mannschaft\/","title":{"rendered":"Mannschaft"},"content":{"rendered":"<p>Derzeit besteht die Freiwillige Feuerwehr H\u00f6henkirchen aus ca. 100 Aktiven, 63 Passiven und 61 F\u00f6rdernde Mitglieder. Die Kinderfeuerwehr besteht aus ca. 25 Kindern.<\/p>\n<p>Die Aktive Mannschaft umfasst auch die ca. 20 Feuerwehranw\u00e4rter zwischen 12 und 18 Jahren. Unsere Feuerwehranw\u00e4rter sind Mitglieder der Jugendfeuerwehr H\u00f6henkirchen. Nach dem Absolvieren der Grundausbildung d\u00fcrfen die Jugendlichen ab ihrem 16. Lebensjahr an Eins\u00e4tzen teilnehmen, d\u00fcrfen aber nur au\u00dferhalb des Gefahrenbereichs eingesetzt werden. Gefahrenbereich definiert sich bei jedem Einsatz anders und das Mitwirkungsfeld der 16-18j\u00e4hrigen entscheidet der jeweilige Einsatzleiter. Mit Vollendung des 18. Lebensjahres und absolvierter Grundausbildung ist man ein vollwertiges aktives Feuerwehrmitglied.<\/p>\n<p>Funktionen in der Mannschaft sind unter anderem Atemschutzger\u00e4tetr\u00e4ger oder Maschinisten f\u00fcr die L\u00f6schfahrzeuge.<\/p>\n<p><b>Ausbildung<\/b><\/p>\n<p>Die Ausbildung der Feuerwehrdienstleistenden richtet sich i.d.R. nach den Feuerwehr-Dienstvorschriften und den vorhandenen Fahrzeugen und Ger\u00e4ten.<\/p>\n<p>Die Feuerwehrgrundausbildung unterteilt sich in zwei gro\u00dfe Abschnitte. Die modulare Truppausbildung (MTA) Teil 1 &amp; 2. Nach absolvieren der MTA 1 d\u00fcrfen die Feuerwehrangeh\u00f6rigen an Eins\u00e4tzen teilnehmen und die g\u00e4ngige Einsatzpraxis und Taktik der Feuerwehr kennenlernen. Nach 2 Jahren aktivem Einsatzdienst und einigen Fortbildungen durchl\u00e4uft der Feuerwehr&#8217;ler den zweiten Teil seiner Grundausbildung und darf sich nach erfolgreiche bestandener theoretischen und praktischen Pr\u00fcfung Truppf\u00fchrer nennen. Nun stehen ihm alle T\u00fcren in der Feuerwehr offen und er kann sich auf weiterf\u00fchrende Sonderausbildungen bewerben.<\/p>\n<p>Als Sonderausbildungen sind zum Beispiel die Lehrg\u00e4nge: Maschinist f\u00fcr L\u00f6schfahrzeuge, Atemschutzger\u00e4tetr\u00e4ger, Sprechfunker, Biologische Gefahrenstoffe, Chemische Gefahrenstoffe am Einsatz, First Responder, Ausbilderlehrgang f\u00fcr Truppmann\/Truppf\u00fchrer\/Maschinisten\/Atemschutz usw. bezeichnet.<\/p>\n<p>Lehrg\u00e4nge werden im Kreisausbildungszentrum Haar oder an den staatlichen Feuerwehrschulen Geretsried, Regensburg und W\u00fcrzburg angeboten. Die Praktischen Ausbildungsabschnitte finden i.d.R. in den Feuerwehren im Landkreis M\u00fcnchen statt.<\/p>\n","protected":false},"excerpt":{"rendered":"<p>Derzeit besteht die Freiwillige Feuerwehr H\u00f6henkirchen aus ca. 100 Aktiven, 63 Passiven und 61 F\u00f6rdernde [&hellip;]<\/p>\n","protected":false},"author":2,"featured_media":0,"parent":2370,"menu_order":3,"comment_status":"closed","ping_status":"closed","template":"","meta":{"footnotes":""},"class_list":["post-583","page","type-page","status-publish","hentry"],"rttpg_featured_image_url":null,"rttpg_author":{"display_name":"Max Buchner","author_link":"https:\/\/www.feuerwehr-hoehenkirchen.de\/index.php\/author\/mbuchner\/"},"rttpg_comment":0,"rttpg_category":null,"rttpg_excerpt":"Derzeit besteht die Freiwillige Feuerwehr H\u00f6henkirchen aus ca. 100 Aktiven, 63 Passiven und 61 F\u00f6rdernde [&hellip;]","_links":{"self":[{"href":"https:\/\/www.feuerwehr-hoehenkirchen.de\/index.php\/wp-json\/wp\/v2\/pages\/583"}],"collection":[{"href":"https:\/\/www.feuerwehr-hoehenkirchen.de\/index.php\/wp-json\/wp\/v2\/pages"}],"about":[{"href":"https:\/\/www.feuerwehr-hoehenkirchen.de\/index.php\/wp-json\/wp\/v2\/types\/page"}],"author":[{"embeddable":true,"href":"https:\/\/www.feuerwehr-hoehenkirchen.de\/index.php\/wp-json\/wp\/v2\/users\/2"}],"replies":[{"embeddable":true,"href":"https:\/\/www.feuerwehr-hoehenkirchen.de\/index.php\/wp-json\/wp\/v2\/comments?post=583"}],"version-history":[{"count":0,"href":"https:\/\/www.feuerwehr-hoehenkirchen.de\/index.php\/wp-json\/wp\/v2\/pages\/583\/revisions"}],"up":[{"embeddable":true,"href":"https:\/\/www.feuerwehr-hoehenkirchen.de\/index.php\/wp-json\/wp\/v2\/pages\/2370"}],"wp:attachment":[{"href":"https:\/\/www.feuerwehr-hoehenkirchen.de\/index.php\/wp-json\/wp\/v2\/media?parent=583"}],"curies":[{"name":"wp","href":"https:\/\/api.w.org\/{rel}","templated":true}]}}