{"id":2369,"date":"2012-12-31T13:41:10","date_gmt":"2012-12-31T12:41:10","guid":{"rendered":"http:\/\/ffw-hoehenkirchen.de\/?page_id=2"},"modified":"2026-04-16T05:51:09","modified_gmt":"2026-04-16T05:51:09","slug":"beispiel-seite-2","status":"publish","type":"page","link":"https:\/\/www.feuerwehr-hoehenkirchen.de\/","title":{"rendered":"Home"},"content":{"rendered":"\n<div style=\"height:78px\" aria-hidden=\"true\" class=\"wp-block-spacer\"><\/div>\n\n\n<div id=\"metaslider-id-2970\" style=\"width: 100%;\" class=\"ml-slider-3-108-0 metaslider metaslider-flex metaslider-2970 ml-slider ms-theme-cubic nav-hidden\" role=\"region\" aria-label=\"Home\" data-height=\"1000\" data-width=\"1920\">\n    <div id=\"metaslider_container_2970\">\n        <div id=\"metaslider_2970\">\n            <ul class='slides'>\n                <li style=\"display: block; width: 100%;\" class=\"slide-2972 ms-image \" aria-roledescription=\"slide\" data-date=\"2024-02-17 16:55:46\" data-filename=\"DSC_0112_klein-1920x1000.png\" data-slide-type=\"image\"><img loading=\"lazy\" decoding=\"async\" src=\"https:\/\/www.feuerwehr-hoehenkirchen.de\/wp-content\/uploads\/2018\/04\/DSC_0112_klein-1920x1000.png\" height=\"1000\" width=\"1920\" alt=\"\" class=\"slider-2970 slide-2972 msDefaultImage\" \/><\/li>\n                <li style=\"display: none; width: 100%;\" class=\"slide-2973 ms-image \" aria-roledescription=\"slide\" data-date=\"2024-02-17 16:55:46\" data-filename=\"DSC_0028_klein-1920x1000.png\" data-slide-type=\"image\"><img loading=\"lazy\" decoding=\"async\" src=\"https:\/\/www.feuerwehr-hoehenkirchen.de\/wp-content\/uploads\/2018\/04\/DSC_0028_klein-1920x1000.png\" height=\"1000\" width=\"1920\" alt=\"\" class=\"slider-2970 slide-2973 msDefaultImage\" \/><\/li>\n                <li style=\"display: none; width: 100%;\" class=\"slide-2971 ms-image \" aria-roledescription=\"slide\" data-date=\"2024-02-17 16:55:46\" data-filename=\"DSC_0019_klein-1920x1000.png\" data-slide-type=\"image\"><img loading=\"lazy\" decoding=\"async\" src=\"https:\/\/www.feuerwehr-hoehenkirchen.de\/wp-content\/uploads\/2018\/04\/DSC_0019_klein-1920x1000.png\" height=\"1000\" width=\"1920\" alt=\"\" class=\"slider-2970 slide-2971 msDefaultImage\" \/><\/li>\n                <li style=\"display: none; width: 100%;\" class=\"slide-2974 ms-image \" aria-roledescription=\"slide\" data-date=\"2024-02-17 16:55:46\" data-filename=\"DSC_0249_klein-1920x1000.png\" data-slide-type=\"image\"><img loading=\"lazy\" decoding=\"async\" src=\"https:\/\/www.feuerwehr-hoehenkirchen.de\/wp-content\/uploads\/2018\/04\/DSC_0249_klein-1920x1000.png\" height=\"1000\" width=\"1920\" alt=\"\" class=\"slider-2970 slide-2974 msDefaultImage\" \/><\/li>\n                <li style=\"display: none; width: 100%;\" class=\"slide-2975 ms-image \" aria-roledescription=\"slide\" data-date=\"2024-02-17 16:55:46\" data-filename=\"IMG_7217_hell_klein-1920x1000.png\" data-slide-type=\"image\"><img loading=\"lazy\" decoding=\"async\" src=\"https:\/\/www.feuerwehr-hoehenkirchen.de\/wp-content\/uploads\/2018\/04\/IMG_7217_hell_klein-1920x1000.png\" height=\"1000\" width=\"1920\" alt=\"\" class=\"slider-2970 slide-2975 msDefaultImage\" \/><\/li>\n                <li style=\"display: none; width: 100%;\" class=\"slide-2976 ms-image \" aria-roledescription=\"slide\" data-date=\"2024-02-17 16:55:46\" data-filename=\"IMG_7161_klein-1920x1000.png\" data-slide-type=\"image\"><img loading=\"lazy\" decoding=\"async\" src=\"https:\/\/www.feuerwehr-hoehenkirchen.de\/wp-content\/uploads\/2018\/04\/IMG_7161_klein-1920x1000.png\" height=\"1000\" width=\"1920\" alt=\"\" class=\"slider-2970 slide-2976 msDefaultImage\" \/><\/li>\n            <\/ul>\n        <\/div>\n        \n    <\/div>\n<\/div>\n\n\n\n<hr class=\"wp-block-separator has-alpha-channel-opacity\"\/>\n\n\n\n<div class=\"wp-block-buttons is-layout-flex wp-block-buttons-is-layout-flex\">\n<div class=\"wp-block-button has-custom-width wp-block-button__width-100 is-style-fill\"><a class=\"wp-block-button__link has-black-color has-text-color has-background has-link-color wp-element-button\" href=\"https:\/\/www.feuerwehr-hoehenkirchen.de\/index.php\/informationen\/feuerwehr\/\" style=\"background-color:#ff3400cf\"><strong>! Jetzt Mitglied werden !<\/strong><\/a><\/div>\n<\/div>\n\n\n\n<div style=\"height:16px\" aria-hidden=\"true\" class=\"wp-block-spacer\"><\/div>\n\n\n\n<hr class=\"wp-block-separator has-alpha-channel-opacity\"\/>\n\n\n\n<p> &nbsp;&nbsp; <\/p>\n\n\n<style type='text\/css' media='all'>#rt-tpg-container-1976048131 .rt-holder .rt-woo-info .price{color:#0367bf;}body .rt-tpg-container .rt-tpg-isotope-buttons .selected,\n\t\t\t\t\t#rt-tpg-container-1976048131 .layout12 .rt-holder:hover .rt-detail,\n\t\t\t\t\t#rt-tpg-container-1976048131 .isotope8 .rt-holder:hover .rt-detail,\n\t\t\t\t\t#rt-tpg-container-1976048131 .carousel8 .rt-holder:hover .rt-detail,\n\t\t\t\t\t#rt-tpg-container-1976048131 .layout13 .rt-holder .overlay .post-info,\n\t\t\t\t\t#rt-tpg-container-1976048131 .isotope9 .rt-holder .overlay .post-info,\n\t\t\t\t\t#rt-tpg-container-1976048131.rt-tpg-container .layout4 .rt-holder .rt-detail,\n\t\t\t\t\t.rt-modal-1976048131 .md-content,\n\t\t\t\t\t.rt-modal-1976048131 .md-content > .rt-md-content-holder .rt-md-content,\n\t\t\t\t\t.rt-popup-wrap-1976048131.rt-popup-wrap .rt-popup-navigation-wrap,\n\t\t\t\t\t#rt-tpg-container-1976048131 .carousel9 .rt-holder .overlay .post-info{background-color:#0367bf;}#rt-tpg-container-1976048131 .layout5 .rt-holder .overlay, #rt-tpg-container-1976048131 .isotope2 .rt-holder .overlay, #rt-tpg-container-1976048131 .carousel2 .rt-holder .overlay,#rt-tpg-container-1976048131 .layout15 .rt-holder h3, #rt-tpg-container-1976048131 .isotope11 .rt-holder h3, #rt-tpg-container-1976048131 .carousel11 .rt-holder h3, #rt-tpg-container-1976048131 .layout16 .rt-holder h3,\n\t\t\t\t\t#rt-tpg-container-1976048131 .isotope12 .rt-holder h3, #rt-tpg-container-1976048131 .carousel12 .rt-holder h3 {background-color:rgba(3,103,191,0.8);}#rt-tpg-container-1976048131 .read-more a{border-radius:px;}#rt-tpg-container-1976048131 .rt-img-holder img.rt-img-responsive,#rt-tpg-container-1976048131 .rt-img-holder,\n\t\t\t\t\t#rt-tpg-container-1976048131 .rt-post-overlay .post-img,\n\t\t\t\t\t#rt-tpg-container-1976048131 .post-sm .post-img,\n\t\t\t\t\t#rt-tpg-container-1976048131 .rt-post-grid .post-img,\n\t\t\t\t\t#rt-tpg-container-1976048131 .post-img img {border-radius:px;}<\/style><div class='rt-container-fluid rt-tpg-container tpg-shortcode-main-wrapper ' id='rt-tpg-container-1976048131'   data-layout='layout2' data-grid-style='even' data-desktop-col='3'  data-tab-col='2'  data-mobile-col='1' data-sc-id='2939'><div data-title='Loading ...' class='rt-row rt-content-loader   layout2 tpg-even '><div class=\"rt-col-md-4 rt-col-sm-6 rt-col-xs-12 even-grid-item rt-grid-item img_zoom_in\" data-id=\"3118\"><div class=\"rt-holder\"><div class=\"rt-row\"><div class='rt-col-sm-4 rt-col-xs-12 '><div class=\"rt-img-holder\"><a data-id='3118' class='' href='https:\/\/www.feuerwehr-hoehenkirchen.de\/index.php\/2026\/02\/21\/skirennen-der-feuerwehren-im-landkreis\/'><img loading=\"lazy\" decoding=\"async\" class=\"rt-img-responsive \" src=\"https:\/\/www.feuerwehr-hoehenkirchen.de\/wp-content\/uploads\/2026\/02\/podest.jpeg\" width=\"1200\" height=\"1600\" alt=\"Skirennen der Feuerwehren im Landkreis\" \/><\/a><\/div><\/div><div class='rt-col-sm-8 rt-col-xs-12 '><div class='rt-detail'><h3 class=\"entry-title\"><a data-id=\"3118\" class=\"\" href=\"https:\/\/www.feuerwehr-hoehenkirchen.de\/index.php\/2026\/02\/21\/skirennen-der-feuerwehren-im-landkreis\/\">Skirennen der Feuerwehren im Landkreis<\/a><\/h3><div class='post-meta-user '><span class='date-meta'><i class='far fa-calendar-alt '><\/i>February 21, 2026<\/span><\/div><div class='tpg-excerpt'>Am 07.02. ist die Feuerwehr H\u00f6henkirchen zum j\u00e4hrlichen Skirennen der Feuerwehren des Landkreises, organisiert von...<\/div><span class='read-more '><a data-id='3118' class='' href='https:\/\/www.feuerwehr-hoehenkirchen.de\/index.php\/2026\/02\/21\/skirennen-der-feuerwehren-im-landkreis\/'>mehr<\/a><\/span><\/div><\/div><\/div><\/div><\/div><div class=\"rt-col-md-4 rt-col-sm-6 rt-col-xs-12 even-grid-item rt-grid-item img_zoom_in\" data-id=\"3113\"><div class=\"rt-holder\"><div class=\"rt-row\"><div class='rt-col-sm-4 rt-col-xs-12 '><div class=\"rt-img-holder\"><a data-id='3113' class='' href='https:\/\/www.feuerwehr-hoehenkirchen.de\/index.php\/2026\/02\/18\/verkehrsunfall-s-bahn-gegen-pkw\/'><img loading=\"lazy\" decoding=\"async\" class=\"rt-img-responsive \" src=\"https:\/\/www.feuerwehr-hoehenkirchen.de\/wp-content\/uploads\/2026\/02\/41483828-unfall-bahn-auto-PXBG.jpg\" width=\"1100\" height=\"734\" alt=\"Verkehrsunfall S-Bahn gegen PKW\" \/><\/a><\/div><\/div><div class='rt-col-sm-8 rt-col-xs-12 '><div class='rt-detail'><h3 class=\"entry-title\"><a data-id=\"3113\" class=\"\" href=\"https:\/\/www.feuerwehr-hoehenkirchen.de\/index.php\/2026\/02\/18\/verkehrsunfall-s-bahn-gegen-pkw\/\">Verkehrsunfall S-Bahn gegen PKW<\/a><\/h3><div class='post-meta-user '><span class='date-meta'><i class='far fa-calendar-alt '><\/i>February 18, 2026<\/span><\/div><div class='tpg-excerpt'>Am 12.02.2026 um 18:47 Uhr wurden mehrere Feuerwehren sowie die Kreisbrandinspektion zu einem schweren Verkehrsunfall...<\/div><span class='read-more '><a data-id='3113' class='' href='https:\/\/www.feuerwehr-hoehenkirchen.de\/index.php\/2026\/02\/18\/verkehrsunfall-s-bahn-gegen-pkw\/'>mehr<\/a><\/span><\/div><\/div><\/div><\/div><\/div><div class=\"rt-col-md-4 rt-col-sm-6 rt-col-xs-12 even-grid-item rt-grid-item img_zoom_in\" data-id=\"3090\"><div class=\"rt-holder\"><div class=\"rt-row\"><div class='rt-col-xs-12'><div class='rt-detail'><h3 class=\"entry-title\"><a data-id=\"3090\" class=\"\" href=\"https:\/\/www.feuerwehr-hoehenkirchen.de\/index.php\/2025\/05\/31\/erfolgreicher-tag-fur-unsere-kinderfeuerwehr-beim-kreiskinderfeuerwehrtag\/\">Erfolgreicher Tag f\u00fcr unsere Kinderfeuerwehr beim Kreiskinderfeuerwehrtag<\/a><\/h3><div class='post-meta-user '><span class='date-meta'><i class='far fa-calendar-alt '><\/i>May 31, 2025<\/span><\/div><div class='tpg-excerpt'>Ein gro\u00dfartiger Tag liegt hinter unserer Kinderfeuerwehr! Beim diesj\u00e4hrigen Kreiskinderfeuerwehrtag am 31. Mai konnten unsere...<\/div><span class='read-more '><a data-id='3090' class='' href='https:\/\/www.feuerwehr-hoehenkirchen.de\/index.php\/2025\/05\/31\/erfolgreicher-tag-fur-unsere-kinderfeuerwehr-beim-kreiskinderfeuerwehrtag\/'>mehr<\/a><\/span><\/div><\/div><\/div><\/div><\/div><div class=\"rt-col-md-4 rt-col-sm-6 rt-col-xs-12 even-grid-item rt-grid-item img_zoom_in\" data-id=\"3084\"><div class=\"rt-holder\"><div class=\"rt-row\"><div class='rt-col-sm-4 rt-col-xs-12 '><div class=\"rt-img-holder\"><a data-id='3084' class='' href='https:\/\/www.feuerwehr-hoehenkirchen.de\/index.php\/2025\/05\/14\/wenn-ich-gros-bin-werde-ich-feuerwehrmann-oder-frau\/'><img decoding=\"async\" class=\"rt-img-responsive \" src=\"https:\/\/www.feuerwehrhoehenkirchen.de\/wp-content\/uploads\/2025\/05\/WhatsApp-Image-2025-05-14-at-19.37.03.jpeg\" alt=\"Wenn ich gro\u00df bin, werde ich Feuerwehrmann oder -frau\" \/><\/a><\/div><\/div><div class='rt-col-sm-8 rt-col-xs-12 '><div class='rt-detail'><h3 class=\"entry-title\"><a data-id=\"3084\" class=\"\" href=\"https:\/\/www.feuerwehr-hoehenkirchen.de\/index.php\/2025\/05\/14\/wenn-ich-gros-bin-werde-ich-feuerwehrmann-oder-frau\/\">Wenn ich gro\u00df bin, werde ich Feuerwehrmann oder -frau<\/a><\/h3><div class='post-meta-user '><span class='date-meta'><i class='far fa-calendar-alt '><\/i>May 14, 2025<\/span><\/div><div class='tpg-excerpt'>Von Britta Werhahn Zum 150-j\u00e4hrigen Jubil\u00e4um der Feuerwehr H\u00f6henkirchen haben Kinder der Kinderfeuerwehr eigene kleine...<\/div><span class='read-more '><a data-id='3084' class='' href='https:\/\/www.feuerwehr-hoehenkirchen.de\/index.php\/2025\/05\/14\/wenn-ich-gros-bin-werde-ich-feuerwehrmann-oder-frau\/'>mehr<\/a><\/span><\/div><\/div><\/div><\/div><\/div><div class=\"rt-col-md-4 rt-col-sm-6 rt-col-xs-12 even-grid-item rt-grid-item img_zoom_in\" data-id=\"3079\"><div class=\"rt-holder\"><div class=\"rt-row\"><div class='rt-col-sm-4 rt-col-xs-12 '><div class=\"rt-img-holder\"><a data-id='3079' class='' href='https:\/\/www.feuerwehr-hoehenkirchen.de\/index.php\/2025\/05\/09\/150-jahre-freiwillige-feuerwehr-hohenkirchen-wir-feiern-mit-euch\/'><img decoding=\"async\" class=\"rt-img-responsive \" src=\"https:\/\/www.feuerwehrhoehenkirchen.de\/wp-content\/uploads\/2025\/05\/IMG20220717005113-scaled.jpg\" alt=\"150 Jahre Freiwillige Feuerwehr H\u00f6henkirchen \u2013 Wir feiern mit Euch!\" \/><\/a><\/div><\/div><div class='rt-col-sm-8 rt-col-xs-12 '><div class='rt-detail'><h3 class=\"entry-title\"><a data-id=\"3079\" class=\"\" href=\"https:\/\/www.feuerwehr-hoehenkirchen.de\/index.php\/2025\/05\/09\/150-jahre-freiwillige-feuerwehr-hohenkirchen-wir-feiern-mit-euch\/\">150 Jahre Freiwillige Feuerwehr H\u00f6henkirchen \u2013 Wir feiern mit Euch!<\/a><\/h3><div class='post-meta-user '><span class='date-meta'><i class='far fa-calendar-alt '><\/i>May 9, 2025<\/span><\/div><div class='tpg-excerpt'>Im Jahr 2025 feiert die Freiwillige Feuerwehr H\u00f6henkirchen ein ganz besonderes Jubil\u00e4um: 150 Jahre im...<\/div><span class='read-more '><a data-id='3079' class='' href='https:\/\/www.feuerwehr-hoehenkirchen.de\/index.php\/2025\/05\/09\/150-jahre-freiwillige-feuerwehr-hohenkirchen-wir-feiern-mit-euch\/'>mehr<\/a><\/span><\/div><\/div><\/div><\/div><\/div><div class=\"rt-col-md-4 rt-col-sm-6 rt-col-xs-12 even-grid-item rt-grid-item img_zoom_in\" data-id=\"2713\"><div class=\"rt-holder\"><div class=\"rt-row\"><div class='rt-col-sm-4 rt-col-xs-12 '><div class=\"rt-img-holder\"><a data-id='2713' class='' href='https:\/\/www.feuerwehr-hoehenkirchen.de\/index.php\/2022\/05\/27\/zuguebung-der-feuerwehr-hoehenkirchen\/'><img decoding=\"async\" class=\"rt-img-responsive \" src=\"https:\/\/www.feuerwehrhoehenkirchen.de\/wp-content\/uploads\/2022\/05\/IMG_20220519_194644-scaled-1-1024x768.jpg\" alt=\"Zug\u00fcbung der Feuerwehr H\u00f6henkirchen\" \/><\/a><\/div><\/div><div class='rt-col-sm-8 rt-col-xs-12 '><div class='rt-detail'><h3 class=\"entry-title\"><a data-id=\"2713\" class=\"\" href=\"https:\/\/www.feuerwehr-hoehenkirchen.de\/index.php\/2022\/05\/27\/zuguebung-der-feuerwehr-hoehenkirchen\/\">Zug\u00fcbung der Feuerwehr H\u00f6henkirchen<\/a><\/h3><div class='post-meta-user '><span class='date-meta'><i class='far fa-calendar-alt '><\/i>May 27, 2022<\/span><\/div><div class='tpg-excerpt'>19.05.2022 19:00 Uhr Bahnhofplatz 4, Gymnasium H\u00f6henkirchen Am Donnerstagabend war die quartalsm\u00e4\u00dfige Zug\u00fcbung. Bei dieser...<\/div><span class='read-more '><a data-id='2713' class='' href='https:\/\/www.feuerwehr-hoehenkirchen.de\/index.php\/2022\/05\/27\/zuguebung-der-feuerwehr-hoehenkirchen\/'>mehr<\/a><\/span><\/div><\/div><\/div><\/div><\/div><\/div><\/div>\n\n\n\n<p><\/p>\n\n\n\n<p>Alle Beitr\u00e4ge finden Sie auf unserem <a href=\"https:\/\/www.feuerwehrhoehenkirchen.de\/index.php\/blog\/\" data-type=\"page\" data-id=\"2532\">Blog<\/a><\/p>\n","protected":false},"excerpt":{"rendered":"<p>mehr Read more \u2026] <\/p>\n","protected":false},"author":2,"featured_media":0,"parent":0,"menu_order":0,"comment_status":"closed","ping_status":"closed","template":"","meta":{"footnotes":""},"class_list":["post-2369","page","type-page","status-publish","hentry"],"rttpg_featured_image_url":null,"rttpg_author":{"display_name":"Max Buchner","author_link":"https:\/\/www.feuerwehr-hoehenkirchen.de\/index.php\/author\/mbuchner\/"},"rttpg_comment":0,"rttpg_category":"","rttpg_excerpt":"mehr Read more \u2026]","_links":{"self":[{"href":"https:\/\/www.feuerwehr-hoehenkirchen.de\/index.php\/wp-json\/wp\/v2\/pages\/2369"}],"collection":[{"href":"https:\/\/www.feuerwehr-hoehenkirchen.de\/index.php\/wp-json\/wp\/v2\/pages"}],"about":[{"href":"https:\/\/www.feuerwehr-hoehenkirchen.de\/index.php\/wp-json\/wp\/v2\/types\/page"}],"author":[{"embeddable":true,"href":"https:\/\/www.feuerwehr-hoehenkirchen.de\/index.php\/wp-json\/wp\/v2\/users\/2"}],"replies":[{"embeddable":true,"href":"https:\/\/www.feuerwehr-hoehenkirchen.de\/index.php\/wp-json\/wp\/v2\/comments?post=2369"}],"version-history":[{"count":10,"href":"https:\/\/www.feuerwehr-hoehenkirchen.de\/index.php\/wp-json\/wp\/v2\/pages\/2369\/revisions"}],"predecessor-version":[{"id":3124,"href":"https:\/\/www.feuerwehr-hoehenkirchen.de\/index.php\/wp-json\/wp\/v2\/pages\/2369\/revisions\/3124"}],"wp:attachment":[{"href":"https:\/\/www.feuerwehr-hoehenkirchen.de\/index.php\/wp-json\/wp\/v2\/media?parent=2369"}],"curies":[{"name":"wp","href":"https:\/\/api.w.org\/{rel}","templated":true}]}}